ose -n*y - m + 2*m + 20 = 0, -y - 3*m + 3 = 0. Calculate the remainder when 24 is divided by y.
6
Let o = -13 + 13. What is the remainder when 7*(-4)/(o - 2) is divided by 4?
2
Let c = -18 + 34. Let z = -142 + 173. What is the remainder when z is divided by c?
15
Suppose o = -o - 2*j + 16, 28 = 3*o + 2*j. What is the remainder when 57 is divided by o?
9
Suppose 4*w - 39 - 17 = 0. What is the remainder when w is divided by 4?
2
Let y(f) be the third derivative of 1/24*f**4 + f**2 + 11/6*f**3 + 0*f + 0. What is the remainder when 11 is divided by y(-5)?
5
Calculate the remainder when (-148)/(-7) + 2/(-14) is divided by 4.
1
Let l = -11 - -18. Let h = l - 4. Suppose 4*j - 132 = -h*u, -j - 3*u = -4*u - 33. Calculate the remainder when j is divided by 9.
6
Let p(q) be the second derivative of -q**3/2 - q**2/2 - 4*q. Suppose -20 - 98 = -2*v. What is the remainder when v is divided by p(-7)?
19
Let a(i) = -i**3 - 5*i**2 + 10*i + 5. Let t(n) = -n - 1. Let v(c) = -a(c) - 2*t(c). Calculate the remainder when 25 is divided by v(-6).
7
Suppose 0 = 3*k - 2*l - 197, 5*l = 5*k + 3*l - 323. Calculate the remainder when k is divided by 11.
8
Suppose -3 = -4*l + 1. Calculate the remainder when -2*(-34)/4*l is divided by 10.
7
Let c(i) = i**3 + 10*i**2 - i + 12. Let z be c(-10). Let u be (-3 - 0)/((-3)/(-2)). Let q = u + z. Calculate the remainder when q is divided by 7.
6
Suppose -5*x - 5*k = -40, 0 = x + 4*x + 2*k - 34. Let a = x - -1. Calculate the remainder when 12 is divided by a.
5
Let b = -1 + 3. Suppose b*d - 132 = 6*d. Let x = d - -47. What is the remainder when x is divided by 8?
6
Suppose -22 - 64 = -2*s. What is the remainder when s is divided by 11?
10
Suppose 2*a + 5*i - 399 = 0, -787 = -4*a - 3*i + 4. What is the remainder when a is divided by 66?
65
Let f be (-1)/(-6) + (-354)/(-36). What is the remainder when ((-18)/f)/(2/(-10)) is divided by 5?
4
Calculate the remainder when 3/(-2)*(-1116)/54 is divided by 11.
9
Let m(v) = v**3 - 4*v**2 + 6*v - 8. Calculate the remainder when 77 is divided by m(4).
13
Let g(q) = -q. Suppose -255 = -17*d + 272. What is the remainder when d is divided by g(-8)?
7
Suppose -69 = -2*x - x. Suppose 0 = -3*m + x + 1. Suppose -2*o = -4*o + 46. Calculate the remainder when o is divided by m.
7
Let v = -6 + 10. Calculate the remainder when v is divided by 2.
0
Let x(m) = m - 1. Let n be x(3). Let p(t) = t**3 + 2*t**2 - 3*t. Suppose v - 66 - 77 = -5*z, 2*v + 4 = 0. Calculate the remainder when z is divided by p(n).
9
Let d(q) = 6*q - 1. Suppose 3 = 3*s + 15. Let b(f) = -8*f. Calculate the remainder when b(s) is divided by d(2).
10
Let h = -5 + 13. Let r(f) = 14*f + 161. Calculate the remainder when r(-10) is divided by h.
5
Let j(k) = k**3 + 3*k**2 - 6*k - 1. What is the remainder when 15 is divided by j(-4)?
1
Suppose 0 = -5*k - 0*k + 95. Calculate the remainder when k is divided by 7.
5
Let a = -8 - -11. Let r be -5*(1 - 2/1). Suppose 0 = -r*k - 8 + 18. Calculate the remainder when a is divided by k.
1
Let s(a) = -a**2 + 17*a + 12. Calculate the remainder when s(13) is divided by 33.
31
Suppose 4 = -2*x + 4*h, 2*x + 4*h = 5*x + 4. Let y(r) = -r + x*r + 0*r. Calculate the remainder when 11 is divided by y(-4).
3
Calculate the remainder when (-55)/(-2 - -3)*(1 + -2) is divided by 29.
26
Suppose -60 = -2*w - 3*w. Suppose 0 = -2*z + 77 + 17. What is the remainder when z is divided by w?
11
Let l(r) = r - 16. Let j be l(6). Let t be 1*(0 + -1 + 0). Let y = t - j. Calculate the remainder when 16 is divided by y.
7
Let v = 17 + 10. Calculate the remainder when v is divided by 10.
7
Suppose 20*f = 17*f + 36. Calculate the remainder when 27 is divided by f.
3
Suppose -8*w + 59 - 27 = 0. Calculate the remainder when 2*6 - (2 + -3) is divided by w.
1
Suppose o = 4*o - 4*w + 73, 0 = -o + 4*w - 27. Let b = -11 - o. Calculate the remainder when (-2)/((-94)/23 + 4) is divided by b.
11
Let y(q) = q**2 - 13*q + 8. What is the remainder when 11 is divided by y(13)?
3
Suppose 6 + 9 = c. What is the remainder when 74 is divided by ((-95)/c)/(1/(-3))?
17
Let m(h) = -h**3 - 3*h**2 + 3*h + 3. Let g be m(-3). Let w be ((-1)/2)/(2/(-216)*-6). What is the remainder when (-146)/g + (-6)/w is divided by 13?
12
Suppose -250 = 2*g - 7*g. Calculate the remainder when g is divided by 13.
11
Let y(b) = b**3 + 10*b**2 - 5*b - 9. What is the remainder when y(-6) is divided by 24?
21
Let k(h) = -2*h**3 - h**2 + 11*h + 2. Let w(d) = 42*d - 1. Calculate the remainder when w(1) is divided by k(-3).
13
Suppose -5*v + 5*u = -0*v - 25, 0 = -4*v + 2*u + 18. What is the remainder when v/22 - (-987)/77 is divided by (2/1)/2*5?
3
Suppose 2*i - 32 = 6. Suppose -6 = -p - 2. Suppose 2*g - 2*a = 11 + 1, -36 = -p*g + a. What is the remainder when i is divided by g?
9
Suppose -6*x + 1 = -5*x, -2*l + 2*x = -146. Calculate the remainder when l is divided by 38.
36
Let n be (18/(-21))/((-2)/14). Let s(v) = 10 - 2 + v**2 - 1 - 4*v. Calculate the remainder when s(n) is divided by 5.
4
Let i be (-1)/5 + 156/30. Suppose -2*m = m, -2*q - i*m + 14 = 0. What is the remainder when 13 is divided by q?
6
Let g = 1 + -2. Let a = 3 - g. Let q(b) = 4*b - 6. Calculate the remainder when 39 is divided by q(a).
9
Suppose -54 + 9 = -3*m. Calculate the remainder when 27 is divided by m.
12
Let f be 3 + (4 - (-3)/(-1)). Suppose -5*z - 3*p + f*p + 133 = 0, -5*p + 64 = 2*z. Calculate the remainder when z is divided by 7.
6
Let k be (172/(-12))/(1/(-3)). Let t = -64 + k. Let f = 67 + t. What is the remainder when f is divided by 16?
14
Suppose 8*l - 17 = c + 3*l, -4*c + 5*l - 8 = 0. Calculate the remainder when 101/c - 5/(-15) is divided by 12.
10
Let f(q) = q**3 + 8*q**2 - q + 7. What is the remainder when 73 is divided by f(-8)?
13
Suppose -2*v = 19 - 97. What is the remainder when v is divided by 10?
9
Let a = 16 + 2. What is the remainder when 35 is divided by a?
17
Let w(i) = -i**3 + 5*i**2 + 15*i - 17. Calculate the remainder when w(6) is divided by 10.
7
Suppose -2*i + 309 = -69. Calculate the remainder when i is divided by 38.
37
Suppose m = -x + 2*m + 39, 0 = -3*x - 4*m + 138. Calculate the remainder when 123 is divided by x.
39
Let o(g) = g**2 + 1. Let u be o(1). Let t be -4*(u + 0 - 3). Suppose 2*b + 0*b = t. What is the remainder when 4 is divided by b?
0
Let u = 22 + -17. What is the remainder when 12 is divided by u?
2
Let a = 48 - 35. What is the remainder when a is divided by 7?
6
Suppose 3 + 17 = 5*i. Let k be 1*(-5)/(-2)*10. What is the remainder when 17 is divided by k/i - 4/16?
5
Let w = -68 + 117. What is the remainder when w is divided by 17?
15
Let q = -29 - -41. Let d(y) = 22*y. What is the remainder when d(1) is divided by q?
10
Let b(z) = 2*z - 9. Calculate the remainder when b(21) is divided by 4.
1
Let g = 30 - -18. What is the remainder when g is divided by 7?
6
Let y = -92 - -111. What is the remainder when 30 is divided by y?
11
Suppose 0 = -5*b - 30 - 10. Suppose 23 + 13 = -2*i. Let k = b - i. What is the remainder when k is divided by 6?
4
Suppose 57 - 241 = -4*k. What is the remainder when 183 is divided by k?
45
Suppose -5*b = -2*b - 12. Suppose p = -p - 2. Let u = b + p. What is the remainder when 4 is divided by u?
1
Suppose -5*m - 4*a = 1, -m + 4*a = 9*a + 17. Suppose 37 = 2*i + m. What is the remainder when i is divided by 9?
8
Let p = -1 + 4. Suppose -p = -r + 5. Calculate the remainder when 15 is divided by r.
7
Suppose -o + 1 + 7 = 0. Let g(s) = -s**2 + 11*s - 4. Calculate the remainder when 38 is divided by g(o).
18
Let c(z) = -z**3 - 2*z**2 - 4*z - 4. Let x be c(-2). Suppose -23 = -3*t + x. Calculate the remainder when 34 is divided by t.
7
Let x = -21 + 19. What is the remainder when 62 is divided by 21 + (0/2)/x?
20
What is the remainder when 43 is divided by (-1 - 0 - 0)/((-1)/11)?
10
Suppose -6*u = -11*u + 105. Suppose -x + 15 = -u. Calculate the remainder when x is divided by 13.
10
Let l = 14 + 8. What is the remainder when 63 is divided by l?
19
Suppose 0*g = -11*g + 132. Calculate the remainder when 32 is divided by g.
8
Suppose -m - 3*m + 42 = 2*h, 5*m = 3*h - 52. Let k(s) = -s - 5. Let a be k(-3). Let l = a + 12. Calculate the remainder when h is divided by l.
9
Let d(s) = 4*s**3 - 2*s**2 + s - 3. Suppose 2*t + 16 = 7*t - 4*w, 3*t - 14 =